{"id":11,"date":"2021-03-22T19:00:33","date_gmt":"2021-03-22T18:00:33","guid":{"rendered":"https:\/\/www.gut-hornegg.at\/onlineshop\/produkt\/hoodie-with-logo\/"},"modified":"2026-01-25T13:38:50","modified_gmt":"2026-01-25T12:38:50","slug":"karpfenfilet","status":"publish","type":"product","link":"https:\/\/www.gut-hornegg.at\/onlineshop\/produkt\/karpfenfilet\/","title":{"rendered":"Karpfenfilet"},"content":{"rendered":"<p><strong>Biss und Geschmack:<\/strong> Saftig und vollmundig im Biss. Fleischige, dichte Fischaromen mit den Assoziationen von Champignon, Schinken, Knoblauch und Salbei.<\/p>\n<p><small>&gt;)))&gt; Durch das Schr\u00f6pfen sind die Gr\u00e4ten nicht sp\u00fcrbar<\/small><br \/>\n<small>***\u00a0\u00a0 Vakuumiert und sofort gefrostet 3 Monate ohne Qualit\u00e4tsverlust<\/small><\/p>\n<hr \/>\n<p>Ein <a href=\"https:\/\/gut-hornegg.at\/biofisch\/kochrezepte\/pikante-karpfenfilets\/\">Rezept<\/a> aus unserem Fischkochbuch als Anregung<\/p>\n<hr \/>\n<p>Und hier erfahren Sie, wie man den Karpfen richtig <a href=\"https:\/\/www.gut-hornegg.at\/biofisch\/karpfen-filetieren\/\">filetiert<\/a>.<\/p>\n","protected":false},"excerpt":{"rendered":"<p>Biss und Geschmack: Saftig und vollmundig im Biss. Fleischige, dichte Fischaromen mit den Assoziationen von Champignon, Schinken, Knoblauch und Salbei. &gt;)))&gt; Durch das Schr\u00f6pfen sind die Gr\u00e4ten nicht sp\u00fcrbar ***\u00a0\u00a0 Vakuumiert und sofort gefrostet 3 Monate ohne Qualit\u00e4tsverlust Ein Rezept aus unserem Fischkochbuch als Anregung Und hier erfahren Sie, wie man den Karpfen richtig filetiert.<\/p>\n","protected":false},"featured_media":238,"template":"","meta":[],"product_brand":[],"product_cat":[15],"product_tag":[19],"class_list":{"0":"post-11","1":"product","2":"type-product","3":"status-publish","4":"has-post-thumbnail","6":"product_cat-biofisch","7":"product_tag-karpfen","9":"first","10":"outofstock","11":"taxable","12":"shipping-taxable","13":"purchasable","14":"product-type-variable","15":"has-default-attributes"},"_links":{"self":[{"href":"https:\/\/www.gut-hornegg.at\/onlineshop\/wp-json\/wp\/v2\/product\/11","targetHints":{"allow":["GET"]}}],"collection":[{"href":"https:\/\/www.gut-hornegg.at\/onlineshop\/wp-json\/wp\/v2\/product"}],"about":[{"href":"https:\/\/www.gut-hornegg.at\/onlineshop\/wp-json\/wp\/v2\/types\/product"}],"wp:featuredmedia":[{"embeddable":true,"href":"https:\/\/www.gut-hornegg.at\/onlineshop\/wp-json\/wp\/v2\/media\/238"}],"wp:attachment":[{"href":"https:\/\/www.gut-hornegg.at\/onlineshop\/wp-json\/wp\/v2\/media?parent=11"}],"wp:term":[{"taxonomy":"product_brand","embeddable":true,"href":"https:\/\/www.gut-hornegg.at\/onlineshop\/wp-json\/wp\/v2\/product_brand?post=11"},{"taxonomy":"product_cat","embeddable":true,"href":"https:\/\/www.gut-hornegg.at\/onlineshop\/wp-json\/wp\/v2\/product_cat?post=11"},{"taxonomy":"product_tag","embeddable":true,"href":"https:\/\/www.gut-hornegg.at\/onlineshop\/wp-json\/wp\/v2\/product_tag?post=11"}],"curies":[{"name":"wp","href":"https:\/\/api.w.org\/{rel}","templated":true}]}}