{"id":118,"date":"2021-07-30T08:45:48","date_gmt":"2021-07-30T06:45:48","guid":{"rendered":"https:\/\/www.gut-hornegg.at\/onlineshop\/?post_type=product&#038;p=118"},"modified":"2026-01-25T13:38:31","modified_gmt":"2026-01-25T12:38:31","slug":"hechtfilet","status":"publish","type":"product","link":"https:\/\/www.gut-hornegg.at\/onlineshop\/produkt\/hechtfilet\/","title":{"rendered":"Hechtfilet"},"content":{"rendered":"<p><strong>Biss und Geschmack<\/strong>: Knackiger, glasiger Biss, der nachfedert. Besonders kr\u00e4ftige, kontrastwillige Fischaromen mit den Assoziationen von Fasan, Eierschwammerl, Wacholder und s\u00fc\u00dfem Rahm.<\/p>\n<p>&nbsp;<\/p>\n<p><small>)))&gt; Durch das Schr\u00f6pfen sind die Gr\u00e4ten nicht sp\u00fcrbar<\/small><br \/>\n<small>***\u00a0\u00a0 Vakuumiert und sofort gefrostet 3 Monate ohne Qualit\u00e4tsverlust \/ ohne Vakuum 1 Monat<\/small><\/p>\n<hr \/>\n<p>Ein <a href=\"https:\/\/gut-hornegg.at\/biofisch\/kochrezepte\/pikante-karpfenfilets\/\">Rezept<\/a> aus unserem Fischkochbuch als Anregung<\/p>\n<hr \/>\n<p>&nbsp;<\/p>\n","protected":false},"excerpt":{"rendered":"<p>Biss und Geschmack: Knackiger, glasiger Biss, der nachfedert. Besonders kr\u00e4ftige, kontrastwillige Fischaromen mit den Assoziationen von Fasan, Eierschwammerl, Wacholder und s\u00fc\u00dfem Rahm. &nbsp; )))&gt; Durch das Schr\u00f6pfen sind die Gr\u00e4ten nicht sp\u00fcrbar ***\u00a0\u00a0 Vakuumiert und sofort gefrostet 3 Monate ohne Qualit\u00e4tsverlust \/ ohne Vakuum 1 Monat Ein Rezept aus unserem Fischkochbuch als Anregung &nbsp;<\/p>\n","protected":false},"featured_media":487,"template":"","meta":[],"product_brand":[],"product_cat":[15],"product_tag":[57],"class_list":{"0":"post-118","1":"product","2":"type-product","3":"status-publish","4":"has-post-thumbnail","6":"product_cat-biofisch","7":"product_tag-hecht","9":"first","10":"outofstock","11":"taxable","12":"shipping-taxable","13":"purchasable","14":"product-type-variable","15":"has-default-attributes"},"_links":{"self":[{"href":"https:\/\/www.gut-hornegg.at\/onlineshop\/wp-json\/wp\/v2\/product\/118","targetHints":{"allow":["GET"]}}],"collection":[{"href":"https:\/\/www.gut-hornegg.at\/onlineshop\/wp-json\/wp\/v2\/product"}],"about":[{"href":"https:\/\/www.gut-hornegg.at\/onlineshop\/wp-json\/wp\/v2\/types\/product"}],"wp:featuredmedia":[{"embeddable":true,"href":"https:\/\/www.gut-hornegg.at\/onlineshop\/wp-json\/wp\/v2\/media\/487"}],"wp:attachment":[{"href":"https:\/\/www.gut-hornegg.at\/onlineshop\/wp-json\/wp\/v2\/media?parent=118"}],"wp:term":[{"taxonomy":"product_brand","embeddable":true,"href":"https:\/\/www.gut-hornegg.at\/onlineshop\/wp-json\/wp\/v2\/product_brand?post=118"},{"taxonomy":"product_cat","embeddable":true,"href":"https:\/\/www.gut-hornegg.at\/onlineshop\/wp-json\/wp\/v2\/product_cat?post=118"},{"taxonomy":"product_tag","embeddable":true,"href":"https:\/\/www.gut-hornegg.at\/onlineshop\/wp-json\/wp\/v2\/product_tag?post=118"}],"curies":[{"name":"wp","href":"https:\/\/api.w.org\/{rel}","templated":true}]}}