{"id":221,"date":"2021-10-27T18:45:28","date_gmt":"2021-10-27T16:45:28","guid":{"rendered":"https:\/\/www.gut-hornegg.at\/onlineshop\/?post_type=product&#038;p=221"},"modified":"2026-01-25T13:35:48","modified_gmt":"2026-01-25T12:35:48","slug":"karpfen-creme-salat","status":"publish","type":"product","link":"https:\/\/www.gut-hornegg.at\/onlineshop\/produkt\/karpfen-creme-salat\/","title":{"rendered":"Karpfen Cremesalat"},"content":{"rendered":"<div id=\"fischdetail332\" class=\"card-section\">\n<p>Nach unserer Erfahrung ist dieses Produkt auch bei Kindern sehr beliebt.<\/p>\n<p><strong>Tipp<\/strong>: Mit \u00c4pfeln, Stangensellerie, Waln\u00fcssen und Joghurt kann die Menge verdoppelt werden. Das ergibt eine Vorspeise f\u00fcr 4 Personen<br \/>\n<strong>Menge<\/strong>: 170 g<br \/>\n<strong>SAISON<\/strong>: November bis April<\/p>\n<hr \/>\n<p><small>&gt;)))&gt; gr\u00e4tenfrei<br \/>\n*** zum Frosten nicht geeignet<\/small><\/p>\n<p class=\"ingredients\"><strong>Karpfenfilet<\/strong>* (70%), <strong>Joghurt<\/strong>*, <strong>Cr\u00e8me Fra\u00eeche<\/strong>*, <strong>Weinessig<\/strong>*, <strong>Senfk\u00f6rner<\/strong>*, Salz, Wacholder*, Dille*, Zucker*, Lorbeer*, Maisst\u00e4rke* (*=BIO)<\/p>\n<\/div>\n","protected":false},"excerpt":{"rendered":"<p>Nach unserer Erfahrung ist dieses Produkt auch bei Kindern sehr beliebt. Tipp: Mit \u00c4pfeln, Stangensellerie, Waln\u00fcssen und Joghurt kann die Menge verdoppelt werden. Das ergibt eine Vorspeise f\u00fcr 4 Personen Menge: 170 g SAISON: November bis April &gt;)))&gt; gr\u00e4tenfrei *** zum Frosten nicht geeignet Karpfenfilet* (70%), Joghurt*, Cr\u00e8me Fra\u00eeche*, Weinessig*, Senfk\u00f6rner*, Salz, Wacholder*, Dille*, Zucker*, <a href=\"https:\/\/www.gut-hornegg.at\/onlineshop\/produkt\/karpfen-creme-salat\/\" class=\"read-more inline\" title=\"Read More\">Read More<\/a><\/p>\n","protected":false},"featured_media":236,"template":"","meta":[],"product_brand":[],"product_cat":[15],"product_tag":[19],"class_list":{"0":"post-221","1":"product","2":"type-product","3":"status-publish","4":"has-post-thumbnail","6":"product_cat-biofisch","7":"product_tag-karpfen","9":"first","10":"outofstock","11":"taxable","12":"shipping-taxable","13":"purchasable","14":"product-type-simple"},"_links":{"self":[{"href":"https:\/\/www.gut-hornegg.at\/onlineshop\/wp-json\/wp\/v2\/product\/221","targetHints":{"allow":["GET"]}}],"collection":[{"href":"https:\/\/www.gut-hornegg.at\/onlineshop\/wp-json\/wp\/v2\/product"}],"about":[{"href":"https:\/\/www.gut-hornegg.at\/onlineshop\/wp-json\/wp\/v2\/types\/product"}],"wp:featuredmedia":[{"embeddable":true,"href":"https:\/\/www.gut-hornegg.at\/onlineshop\/wp-json\/wp\/v2\/media\/236"}],"wp:attachment":[{"href":"https:\/\/www.gut-hornegg.at\/onlineshop\/wp-json\/wp\/v2\/media?parent=221"}],"wp:term":[{"taxonomy":"product_brand","embeddable":true,"href":"https:\/\/www.gut-hornegg.at\/onlineshop\/wp-json\/wp\/v2\/product_brand?post=221"},{"taxonomy":"product_cat","embeddable":true,"href":"https:\/\/www.gut-hornegg.at\/onlineshop\/wp-json\/wp\/v2\/product_cat?post=221"},{"taxonomy":"product_tag","embeddable":true,"href":"https:\/\/www.gut-hornegg.at\/onlineshop\/wp-json\/wp\/v2\/product_tag?post=221"}],"curies":[{"name":"wp","href":"https:\/\/api.w.org\/{rel}","templated":true}]}}