{"id":223,"date":"2021-10-27T18:38:43","date_gmt":"2021-10-27T16:38:43","guid":{"rendered":"https:\/\/www.gut-hornegg.at\/onlineshop\/?post_type=product&#038;p=223"},"modified":"2026-01-25T13:36:26","modified_gmt":"2026-01-25T12:36:26","slug":"raeucheraufstrich-karpfen","status":"publish","type":"product","link":"https:\/\/www.gut-hornegg.at\/onlineshop\/produkt\/raeucheraufstrich-karpfen\/","title":{"rendered":"R\u00e4ucheraufstrich Karpfen"},"content":{"rendered":"<div id=\"fischdetail584\" class=\"card-section\">\n<p><strong>Tipp<\/strong>: Besonders k\u00f6stlich auf Vollkornbrot mit rosa Pfeffer.<br \/>\n<strong>Menge<\/strong>: 170 g<br \/>\n<strong>SAISON<\/strong>: November bis April<\/p>\n<hr \/>\n<p><small class=\"\">&gt;)))&gt; gr\u00e4tenfrei<\/small><br \/>\n<small class=\"\"> *** zum Frosten nicht geeignet<\/small><\/p>\n<p class=\"ingredients\"><strong>Karpfenfilet<\/strong> ger\u00e4uchert* (50%), Erd\u00e4pfel*, <strong>Sauerrahm<\/strong>*, Oliven\u00f6l*, Petersilie*, <strong>Fischfond<\/strong>* (<strong>Karpfenkarkassen<\/strong>*, Wasser, Chilli*, Salz, <strong>Sellerie<\/strong>*, Karotte*,\u00a0 Lorbeer*, Wacholder*), Muskatnuss*, Salz, Pfeffer* (*=BIO)<\/p>\n<\/div>\n","protected":false},"excerpt":{"rendered":"<p>Tipp: Besonders k\u00f6stlich auf Vollkornbrot mit rosa Pfeffer. Menge: 170 g SAISON: November bis April &gt;)))&gt; gr\u00e4tenfrei *** zum Frosten nicht geeignet Karpfenfilet ger\u00e4uchert* (50%), Erd\u00e4pfel*, Sauerrahm*, Oliven\u00f6l*, Petersilie*, Fischfond* (Karpfenkarkassen*, Wasser, Chilli*, Salz, Sellerie*, Karotte*,\u00a0 Lorbeer*, Wacholder*), Muskatnuss*, Salz, Pfeffer* (*=BIO)<\/p>\n","protected":false},"featured_media":234,"template":"","meta":[],"product_brand":[],"product_cat":[15],"product_tag":[19],"class_list":{"0":"post-223","1":"product","2":"type-product","3":"status-publish","4":"has-post-thumbnail","6":"product_cat-biofisch","7":"product_tag-karpfen","9":"first","10":"outofstock","11":"taxable","12":"shipping-taxable","13":"purchasable","14":"product-type-simple"},"_links":{"self":[{"href":"https:\/\/www.gut-hornegg.at\/onlineshop\/wp-json\/wp\/v2\/product\/223","targetHints":{"allow":["GET"]}}],"collection":[{"href":"https:\/\/www.gut-hornegg.at\/onlineshop\/wp-json\/wp\/v2\/product"}],"about":[{"href":"https:\/\/www.gut-hornegg.at\/onlineshop\/wp-json\/wp\/v2\/types\/product"}],"wp:featuredmedia":[{"embeddable":true,"href":"https:\/\/www.gut-hornegg.at\/onlineshop\/wp-json\/wp\/v2\/media\/234"}],"wp:attachment":[{"href":"https:\/\/www.gut-hornegg.at\/onlineshop\/wp-json\/wp\/v2\/media?parent=223"}],"wp:term":[{"taxonomy":"product_brand","embeddable":true,"href":"https:\/\/www.gut-hornegg.at\/onlineshop\/wp-json\/wp\/v2\/product_brand?post=223"},{"taxonomy":"product_cat","embeddable":true,"href":"https:\/\/www.gut-hornegg.at\/onlineshop\/wp-json\/wp\/v2\/product_cat?post=223"},{"taxonomy":"product_tag","embeddable":true,"href":"https:\/\/www.gut-hornegg.at\/onlineshop\/wp-json\/wp\/v2\/product_tag?post=223"}],"curies":[{"name":"wp","href":"https:\/\/api.w.org\/{rel}","templated":true}]}}