{"id":267,"date":"2021-10-27T18:13:17","date_gmt":"2021-10-27T16:13:17","guid":{"rendered":"https:\/\/www.gut-hornegg.at\/onlineshop\/?post_type=product&#038;p=267"},"modified":"2025-11-12T10:59:43","modified_gmt":"2025-11-12T09:59:43","slug":"hecht-kaviar-raritaet","status":"publish","type":"product","link":"https:\/\/www.gut-hornegg.at\/onlineshop\/produkt\/hecht-kaviar-raritaet\/","title":{"rendered":"Hecht Kaviar \u2013 Rarit\u00e4t"},"content":{"rendered":"<div id=\"fischdetail1738\" class=\"card-section\">\n<p><strong>Tipp<\/strong>: Auf Anfrage k\u00f6nnen Sie auch gr\u00f6\u00dfere Mengen Rogen bei uns bekommen und selbst eine Mayonnaise daraus machen. Rogen aus der Haut l\u00f6sen, mit Salz, Pfeffer, viel Zitronensaft und Oliven\u00f6l zu einer Mayonnaise verr\u00fchren. Gehackte Petersilie unterheben und zu Toast servieren.<br \/>\n<strong>Menge<\/strong>: Glas 70g<br \/>\n<strong>SAISON<\/strong>: Dezember bis Februar<\/p>\n<hr \/>\n<p><small class=\"\">&gt;)))&gt; gr\u00e4tenfrei<\/small><br \/>\n<small class=\"\"> *** zum Frosten nicht geeignet<\/small><\/p>\n<\/div>\n","protected":false},"excerpt":{"rendered":"<p>Tipp: Auf Anfrage k\u00f6nnen Sie auch gr\u00f6\u00dfere Mengen Rogen bei uns bekommen und selbst eine Mayonnaise daraus machen. Rogen aus der Haut l\u00f6sen, mit Salz, Pfeffer, viel Zitronensaft und Oliven\u00f6l zu einer Mayonnaise verr\u00fchren. Gehackte Petersilie unterheben und zu Toast servieren. Menge: Glas 70g SAISON: Dezember bis Februar &gt;)))&gt; gr\u00e4tenfrei *** zum Frosten nicht geeignet<\/p>\n","protected":false},"featured_media":472,"template":"","meta":[],"product_brand":[],"product_cat":[15],"product_tag":[57],"class_list":{"0":"post-267","1":"product","2":"type-product","3":"status-publish","4":"has-post-thumbnail","6":"product_cat-biofisch","7":"product_tag-hecht","9":"first","10":"outofstock","11":"taxable","12":"shipping-taxable","13":"purchasable","14":"product-type-simple"},"_links":{"self":[{"href":"https:\/\/www.gut-hornegg.at\/onlineshop\/wp-json\/wp\/v2\/product\/267","targetHints":{"allow":["GET"]}}],"collection":[{"href":"https:\/\/www.gut-hornegg.at\/onlineshop\/wp-json\/wp\/v2\/product"}],"about":[{"href":"https:\/\/www.gut-hornegg.at\/onlineshop\/wp-json\/wp\/v2\/types\/product"}],"wp:featuredmedia":[{"embeddable":true,"href":"https:\/\/www.gut-hornegg.at\/onlineshop\/wp-json\/wp\/v2\/media\/472"}],"wp:attachment":[{"href":"https:\/\/www.gut-hornegg.at\/onlineshop\/wp-json\/wp\/v2\/media?parent=267"}],"wp:term":[{"taxonomy":"product_brand","embeddable":true,"href":"https:\/\/www.gut-hornegg.at\/onlineshop\/wp-json\/wp\/v2\/product_brand?post=267"},{"taxonomy":"product_cat","embeddable":true,"href":"https:\/\/www.gut-hornegg.at\/onlineshop\/wp-json\/wp\/v2\/product_cat?post=267"},{"taxonomy":"product_tag","embeddable":true,"href":"https:\/\/www.gut-hornegg.at\/onlineshop\/wp-json\/wp\/v2\/product_tag?post=267"}],"curies":[{"name":"wp","href":"https:\/\/api.w.org\/{rel}","templated":true}]}}