{"id":419,"date":"2021-10-30T16:36:47","date_gmt":"2021-10-30T14:36:47","guid":{"rendered":"https:\/\/www.gut-hornegg.at\/onlineshop\/?post_type=product&#038;p=419"},"modified":"2026-01-25T13:33:49","modified_gmt":"2026-01-25T12:33:49","slug":"raeucheramur","status":"publish","type":"product","link":"https:\/\/www.gut-hornegg.at\/onlineshop\/produkt\/raeucheramur\/","title":{"rendered":"R\u00e4ucheramur"},"content":{"rendered":"<p>Hei\u00df ger\u00e4uchertes Filet<br \/>\n<strong>Tipp<\/strong>: Im Ofen leicht w\u00e4rmen und mit Rahmkren servieren.<br \/>\n<strong>Menge<\/strong>: 150 &#8211; 250 g \/ Pack<br \/>\n<strong>SAISON<\/strong>: November bis April<\/p>\n<hr \/>\n<p><small class=\"\">)))&gt; Der Amur hat wenige, 3-6 cm lange und sehr dicke Gr\u00e4ten im Fleisch<\/small><\/p>\n<p><strong>Amurfilet<\/strong>, Salz, Rauch \/ * BIO<\/p>\n<hr \/>\n<p>Ein <a href=\"https:\/\/www.gut-hornegg.at\/biofisch\/kochrezepte\/geraeucherter-amur-mit-krensauce\/\">Rezept <\/a>aus unserem Fischkochbuch als Anregung.<\/p>\n","protected":false},"excerpt":{"rendered":"<p>Hei\u00df ger\u00e4uchertes Filet Tipp: Im Ofen leicht w\u00e4rmen und mit Rahmkren servieren. Menge: 150 &#8211; 250 g \/ Pack SAISON: November bis April )))&gt; Der Amur hat wenige, 3-6 cm lange und sehr dicke Gr\u00e4ten im Fleisch Amurfilet, Salz, Rauch \/ * BIO Ein Rezept aus unserem Fischkochbuch als Anregung.<\/p>\n","protected":false},"featured_media":470,"template":"","meta":[],"product_brand":[],"product_cat":[15],"product_tag":[60],"class_list":{"0":"post-419","1":"product","2":"type-product","3":"status-publish","4":"has-post-thumbnail","6":"product_cat-biofisch","7":"product_tag-amur","9":"first","10":"outofstock","11":"taxable","12":"shipping-taxable","13":"purchasable","14":"product-type-variable"},"_links":{"self":[{"href":"https:\/\/www.gut-hornegg.at\/onlineshop\/wp-json\/wp\/v2\/product\/419","targetHints":{"allow":["GET"]}}],"collection":[{"href":"https:\/\/www.gut-hornegg.at\/onlineshop\/wp-json\/wp\/v2\/product"}],"about":[{"href":"https:\/\/www.gut-hornegg.at\/onlineshop\/wp-json\/wp\/v2\/types\/product"}],"wp:featuredmedia":[{"embeddable":true,"href":"https:\/\/www.gut-hornegg.at\/onlineshop\/wp-json\/wp\/v2\/media\/470"}],"wp:attachment":[{"href":"https:\/\/www.gut-hornegg.at\/onlineshop\/wp-json\/wp\/v2\/media?parent=419"}],"wp:term":[{"taxonomy":"product_brand","embeddable":true,"href":"https:\/\/www.gut-hornegg.at\/onlineshop\/wp-json\/wp\/v2\/product_brand?post=419"},{"taxonomy":"product_cat","embeddable":true,"href":"https:\/\/www.gut-hornegg.at\/onlineshop\/wp-json\/wp\/v2\/product_cat?post=419"},{"taxonomy":"product_tag","embeddable":true,"href":"https:\/\/www.gut-hornegg.at\/onlineshop\/wp-json\/wp\/v2\/product_tag?post=419"}],"curies":[{"name":"wp","href":"https:\/\/api.w.org\/{rel}","templated":true}]}}