{"id":514,"date":"2021-10-31T00:48:03","date_gmt":"2021-10-30T22:48:03","guid":{"rendered":"https:\/\/www.gut-hornegg.at\/onlineshop\/?post_type=product&#038;p=514"},"modified":"2025-11-12T11:03:54","modified_gmt":"2025-11-12T10:03:54","slug":"raeucherbrachse","status":"publish","type":"product","link":"https:\/\/www.gut-hornegg.at\/onlineshop\/produkt\/raeucherbrachse\/","title":{"rendered":"R\u00e4ucherbrachse"},"content":{"rendered":"<p>Brachsen schmecken ger\u00e4uchert ganz \u00e4hnlich wie Makrelen.<br \/>\n<strong>Tipp<\/strong>: Im Ofen leicht w\u00e4rmen, dann entfalten sich die reichhaltigen Aromen noch besser.<br \/>\n<strong>Gr\u00f6\u00dfe<\/strong>: R\u00e4ucherbrachsen werden ohne Kopf geliefert, da die Kiemenknochen des ger\u00e4ucherten Fisches die Packung zerstechen. Eine R\u00e4ucherbrachse hat zwischen 150 g und 300 g.<br \/>\n<strong>SAISON<\/strong>: November bis Februar<\/p>\n<hr \/>\n<p><small class=\"\">&gt;)))&gt; Durch Schr\u00f6pfen Gr\u00e4ten im Fleisch nicht sp\u00fcrbar. Entlang der Flossenans\u00e4tze feine Gr\u00e4ten vorhanden.<\/small><br \/>\n<small class=\"\"> *** Zum Frosten nicht geeignet<\/small><\/p>\n","protected":false},"excerpt":{"rendered":"<p>Brachsen schmecken ger\u00e4uchert ganz \u00e4hnlich wie Makrelen. Tipp: Im Ofen leicht w\u00e4rmen, dann entfalten sich die reichhaltigen Aromen noch besser. Gr\u00f6\u00dfe: R\u00e4ucherbrachsen werden ohne Kopf geliefert, da die Kiemenknochen des ger\u00e4ucherten Fisches die Packung zerstechen. Eine R\u00e4ucherbrachse hat zwischen 150 g und 300 g. SAISON: November bis Februar &gt;)))&gt; Durch Schr\u00f6pfen Gr\u00e4ten im Fleisch nicht <a href=\"https:\/\/www.gut-hornegg.at\/onlineshop\/produkt\/raeucherbrachse\/\" class=\"read-more inline\" title=\"Read More\">Read More<\/a><\/p>\n","protected":false},"featured_media":515,"template":"","meta":[],"product_brand":[],"product_cat":[15],"product_tag":[71],"class_list":{"0":"post-514","1":"product","2":"type-product","3":"status-publish","4":"has-post-thumbnail","6":"product_cat-biofisch","7":"product_tag-brachse","9":"first","10":"outofstock","11":"taxable","12":"shipping-taxable","13":"purchasable","14":"product-type-variable"},"_links":{"self":[{"href":"https:\/\/www.gut-hornegg.at\/onlineshop\/wp-json\/wp\/v2\/product\/514","targetHints":{"allow":["GET"]}}],"collection":[{"href":"https:\/\/www.gut-hornegg.at\/onlineshop\/wp-json\/wp\/v2\/product"}],"about":[{"href":"https:\/\/www.gut-hornegg.at\/onlineshop\/wp-json\/wp\/v2\/types\/product"}],"wp:featuredmedia":[{"embeddable":true,"href":"https:\/\/www.gut-hornegg.at\/onlineshop\/wp-json\/wp\/v2\/media\/515"}],"wp:attachment":[{"href":"https:\/\/www.gut-hornegg.at\/onlineshop\/wp-json\/wp\/v2\/media?parent=514"}],"wp:term":[{"taxonomy":"product_brand","embeddable":true,"href":"https:\/\/www.gut-hornegg.at\/onlineshop\/wp-json\/wp\/v2\/product_brand?post=514"},{"taxonomy":"product_cat","embeddable":true,"href":"https:\/\/www.gut-hornegg.at\/onlineshop\/wp-json\/wp\/v2\/product_cat?post=514"},{"taxonomy":"product_tag","embeddable":true,"href":"https:\/\/www.gut-hornegg.at\/onlineshop\/wp-json\/wp\/v2\/product_tag?post=514"}],"curies":[{"name":"wp","href":"https:\/\/api.w.org\/{rel}","templated":true}]}}